{"id":64,"date":"2016-12-01T14:10:56","date_gmt":"2016-12-01T14:10:56","guid":{"rendered":"http:\/\/www.makler-vorsorge.com\/?page_id=64"},"modified":"2017-10-13T13:49:06","modified_gmt":"2017-10-13T13:49:06","slug":"privathaftpflicht","status":"publish","type":"page","link":"https:\/\/www.makler-vorsorge.com\/?page_id=64","title":{"rendered":"Privathaftpflicht"},"content":{"rendered":"<p>Die Haftpflichtversicherung ist nicht obligatorisch. Trotzdem ist es unbedingt zu empfehlen, eine Privathaftpflichtversicherung abzuschliessen. Sie fragen sich, wozu diese dient und wie sie funktioniert ?<\/p>\n<p><strong>Die Haftpflicht<\/strong><\/p>\n<p>Sie haften, wenn Sie jemandem, gewollt oder ungewollt, Schaden zuf\u00fcgen. Sie sind also verpflichtet, f\u00fcr diesen Schaden aufzukommen. Sie haften auch dann, wenn Personen, Tiere oder Sachen, f\u00fcr die Sie verantwortlich sind, einen Schaden gegen\u00fcber Dritten verursachen.<\/p>\n<p>Wenn Sie die Brille Ihres Kollegen besch\u00e4digen, wenn Ihr Kind beim Spielen mit dem Ball das Fenster der Nachbarin zerschl\u00e4gt, wenn Ihr Hund einen Passanten angreift und dessen brandneuen Ledermantel zerreisst oder wenn ein Blumentopf von Ihrem Balkon auf das darunter parkierte Auto f\u00e4llt, dann sind Sie haftpflichtig.<\/p>\n<p>Jeder haftet mit seinem ganzen Verm\u00f6gen und auch mit dem aktuellen und dem zuk\u00fcnftigen Einkommen.<\/p>\n<p>Aus diesem Grund ist es wichtig, dass Sie eine Privathaftpflichtversicherung f\u00fcr sich und Ihre Familie abschliessen.<\/p>\n<p><strong>Das Prinzip<\/strong><\/p>\n<p>Mit einer Haftpflichtversicherung sind Sie und Ihre Familie in den folgenden F\u00e4llen versichert\u00a0:<\/p>\n<ul>\n<li>Personen- und Sachsch\u00e4den<\/li>\n<li>Schadenverh\u00fctungskosten<\/li>\n<li>Verm\u00f6genssch\u00e4den, die aus Personen- und Sachsch\u00e4den resultieren<\/li>\n<li>Abwehr ungerechtfertigter Anspr\u00fcche<\/li>\n<\/ul>\n<p>Achten Sie bei der Auswahl Ihrer Versicherung auch darauf, welche zus\u00e4tzlichen Optionen bestehen.<\/p>\n<p>Es ist beispielsweise m\u00f6glich, dass Sie sich, wenn Sie regelm\u00e4ssig ein Fahrzeug lenken, das Ihnen nicht geh\u00f6rt, gegen potenziell verursachte Sch\u00e4den an fremden Fahrzeugen versichern.<\/p>\n<p>Beachten Sie, dass f\u00fcr die Miete von Wohnungen ein Haftpflichtversicherungsnachweis vorgelegt werden muss. Damit sind Sie gegen Mietersch\u00e4den in der Wohnung versichert.<\/p>\n<p><strong>Was durch Ihre Haftpflichtversicherung nicht gedeckt ist<\/strong><\/p>\n<p>In den folgenden F\u00e4llen bietet Ihre Versicherung keine Deckung:<\/p>\n<ul>\n<li>Sch\u00e4den, die die versicherte Person sich selbst oder einer mit ihr im gleichen Haushalt lebenden Person zuf\u00fcgt<\/li>\n<li>Sch\u00e4den, die Sie im Rahmen Ihrer beruflichen T\u00e4tigkeit erleiden<\/li>\n<li>materielle Sch\u00e4den, die aufgrund von Abn\u00fctzung entstehen<\/li>\n<li>erwartbare Sch\u00e4den oder solche, die vorhersehbar gewesen w\u00e4ren<\/li>\n<li>Sch\u00e4den, die durch die \u00dcbertragung einer ansteckenden Krankheit entstehen<\/li>\n<li>Sch\u00e4den, die aufgrund der vors\u00e4tzlichen Begehung eines Verbrechens oder Vergehens entstehen<\/li>\n<\/ul>\n<p>&nbsp;<\/p>\n<p><strong><a href=\"http:\/\/www.vcmittelland.ch\/kontakt.html\">Unsere Versicherungsexperten helfen Ihnen gerne, dass richtige Versicherungspaket f\u00fcr Sie zu eruieren\u2026<\/a><\/strong><\/p>\n","protected":false},"excerpt":{"rendered":"<p>Die Haftpflichtversicherung ist nicht obligatorisch. Trotzdem ist es unbedingt zu empfehlen, eine Privathaftpflichtversicherung abzuschliessen. Sie fragen sich, wozu diese dient und wie sie funktioniert ? Die Haftpflicht Sie haften, wenn Sie jemandem, gewollt oder ungewollt, Schaden zuf\u00fcgen. Sie sind also verpflichtet, f\u00fcr diesen Schaden aufzukommen. Sie haften auch dann, wenn [&hellip;]<\/p>\n","protected":false},"author":1,"featured_media":0,"parent":6,"menu_order":0,"comment_status":"closed","ping_status":"closed","template":"","meta":{"footnotes":""},"class_list":["post-64","page","type-page","status-publish","hentry"],"_links":{"self":[{"href":"https:\/\/www.makler-vorsorge.com\/index.php?rest_route=\/wp\/v2\/pages\/64","targetHints":{"allow":["GET"]}}],"collection":[{"href":"https:\/\/www.makler-vorsorge.com\/index.php?rest_route=\/wp\/v2\/pages"}],"about":[{"href":"https:\/\/www.makler-vorsorge.com\/index.php?rest_route=\/wp\/v2\/types\/page"}],"author":[{"embeddable":true,"href":"https:\/\/www.makler-vorsorge.com\/index.php?rest_route=\/wp\/v2\/users\/1"}],"replies":[{"embeddable":true,"href":"https:\/\/www.makler-vorsorge.com\/index.php?rest_route=%2Fwp%2Fv2%2Fcomments&post=64"}],"version-history":[{"count":2,"href":"https:\/\/www.makler-vorsorge.com\/index.php?rest_route=\/wp\/v2\/pages\/64\/revisions"}],"predecessor-version":[{"id":117,"href":"https:\/\/www.makler-vorsorge.com\/index.php?rest_route=\/wp\/v2\/pages\/64\/revisions\/117"}],"up":[{"embeddable":true,"href":"https:\/\/www.makler-vorsorge.com\/index.php?rest_route=\/wp\/v2\/pages\/6"}],"wp:attachment":[{"href":"https:\/\/www.makler-vorsorge.com\/index.php?rest_route=%2Fwp%2Fv2%2Fmedia&parent=64"}],"curies":[{"name":"wp","href":"https:\/\/api.w.org\/{rel}","templated":true}]}}