{"id":134,"date":"2017-10-13T14:12:22","date_gmt":"2017-10-13T14:12:22","guid":{"rendered":"http:\/\/www.makler-vorsorge.com\/?page_id=134"},"modified":"2017-10-13T14:20:31","modified_gmt":"2017-10-13T14:20:31","slug":"betriebshaftpflicht","status":"publish","type":"page","link":"https:\/\/www.makler-vorsorge.com\/?page_id=134","title":{"rendered":"BETRIEBSHAFTPFLICHT"},"content":{"rendered":"<p><img loading=\"lazy\" decoding=\"async\" src=\"http:\/\/www.vcmittelland.ch\/images\/geschaeftskunden\/Fotolia_76760157_XS.jpg\" alt=\"Fotolia 76760157 XS\" width=\"196\" height=\"130\" \/><\/p>\n<p>Diese Seite wird im Moment \u00fcberarbeitet. Gerne stehen wir Ihnen pers\u00f6nlich zur Verf\u00fcgung.<\/p>\n<p>&nbsp;<\/p>\n<p><strong><a href=\"http:\/\/www.makler-vorsorge.com\/?page_id=12\">Kontaktieren Sie uns f\u00fcr einen unverbindlichen Beratungstermin.<\/a><\/strong><\/p>\n","protected":false},"excerpt":{"rendered":"<p>Diese Seite wird im Moment \u00fcberarbeitet. Gerne stehen wir Ihnen pers\u00f6nlich zur Verf\u00fcgung. &nbsp; Kontaktieren Sie uns f\u00fcr einen unverbindlichen Beratungstermin.<\/p>\n","protected":false},"author":1,"featured_media":0,"parent":0,"menu_order":0,"comment_status":"closed","ping_status":"closed","template":"","meta":{"footnotes":""},"class_list":["post-134","page","type-page","status-publish","hentry"],"_links":{"self":[{"href":"https:\/\/www.makler-vorsorge.com\/index.php?rest_route=\/wp\/v2\/pages\/134","targetHints":{"allow":["GET"]}}],"collection":[{"href":"https:\/\/www.makler-vorsorge.com\/index.php?rest_route=\/wp\/v2\/pages"}],"about":[{"href":"https:\/\/www.makler-vorsorge.com\/index.php?rest_route=\/wp\/v2\/types\/page"}],"author":[{"embeddable":true,"href":"https:\/\/www.makler-vorsorge.com\/index.php?rest_route=\/wp\/v2\/users\/1"}],"replies":[{"embeddable":true,"href":"https:\/\/www.makler-vorsorge.com\/index.php?rest_route=%2Fwp%2Fv2%2Fcomments&post=134"}],"version-history":[{"count":2,"href":"https:\/\/www.makler-vorsorge.com\/index.php?rest_route=\/wp\/v2\/pages\/134\/revisions"}],"predecessor-version":[{"id":143,"href":"https:\/\/www.makler-vorsorge.com\/index.php?rest_route=\/wp\/v2\/pages\/134\/revisions\/143"}],"wp:attachment":[{"href":"https:\/\/www.makler-vorsorge.com\/index.php?rest_route=%2Fwp%2Fv2%2Fmedia&parent=134"}],"curies":[{"name":"wp","href":"https:\/\/api.w.org\/{rel}","templated":true}]}}